. Let d be a(10). Let v = d + 11. List the prime factors of v.
2
Let p(k) be the first derivative of k**3/3 + 3*k**2/2 - 6*k - 4. Let y(s) = 3*s + 4. Let l be y(-3). List the prime factors of p(l).
2
Suppose 7 = 3*u + 1. Suppose -3*t + 18 = u*f + f, 5*f + 10 = 5*t. What are the prime factors of (-16)/(3/(-1) + f)?
2
Let b(g) = -g**3 + 2*g**2 + g + 1. Let v be b(2). Suppose v*h - 63 = -0*h. Let y = -9 + h. List the prime factors of y.
2, 3
What are the prime factors of (2/(-1))/((-2)/83)?
83
Let w = 21 - -60. Suppose 3*k + 0*k = w. What are the prime factors of k?
3
Let d(g) = g**2 - 4*g + 16. List the prime factors of d(-9).
7, 19
Suppose 5*i - 430 = 3*h + 238, h = 3*i - 400. List the prime factors of i.
7, 19
Suppose -49 = -2*o + 37. List the prime factors of o.
43
Let m be (-2)/((-72)/33 + 2). Suppose 0*t + t = s + m, -12 = -4*t - 4*s. Suppose 0 = 3*i - t + 1. What are the prime factors of i?
2
Let z(q) = q**2 - 4*q + 3. Let k be 18/(-2)*(-4)/12. Let o be z(k). List the prime factors of (o + -1 - -6) + -2.
3
Let a be (-68)/(-18) - 8/(-36). Suppose 0 = 2*j - 0*j - a. Suppose -5*o + k - 26 + 76 = 0, 20 = 2*o + j*k. List the prime factors of o.
2, 5
Let j = -82 - -118. What are the prime factors of j?
2, 3
Let t(x) = 3*x**3 + x**2 + 2*x - 2. What are the prime factors of t(1)?
2
Suppose -13*v + 10*v = -222. List the prime factors of v.
2, 37
Let y(d) = -d - 6. Suppose 2*f + 25 - 1 = 3*g, 4*g - 8 = 0. List the prime factors of y(f).
3
Let b(u) = -u**3 + 6*u**2 - 6*u + 2. Let r be b(6). Suppose -6*j - 94 = -4*j. Let g = r - j. What are the prime factors of g?
13
Let d(p) = p**2 + 4*p + 6. What are the prime factors of d(-4)?
2, 3
Let j = -27 + 151. List the prime factors of j.
2, 31
Suppose -137 = k + 5*y, y = -2*k + 5*y - 344. List the prime factors of ((-10)/(-6))/((-45)/k).
2, 3
Suppose 3*v = -0*p - 4*p - 47, 0 = p + 5*v + 33. List the prime factors of ((-4)/6)/(p/132).
11
Let k = 2 - 11. Let l(c) = -c + 9. Let t be l(6). What are the prime factors of 7/t - (-3)/k?
2
Suppose -3*k + 2 + 1 = 0, 0 = -h + k - 3. What are the prime factors of 8 - h - (-2)/(-1)?
2
Let n(q) = q**3 - 4*q**2 - 2*q - 2. Let s be 36/8 + (-1)/(-2). List the prime factors of n(s).
13
Suppose 0 = 6*j - 3*j. Let d(f) = f**2 + 8*f + 5. Let n be d(-8). Suppose 0 = n*l - j + 5, 5*m - 39 = 4*l. What are the prime factors of m?
7
Let f be (-3)/(-5) - 14/(-10). Suppose 5*j = w + 2*w + 52, -f*j + 17 = -5*w. List the prime factors of j.
11
Suppose 4*p + 5*k = p + 369, -3*k = 0. List the prime factors of p.
3, 41
Let g(d) = d**3 + 6*d**2 + 4*d - 3. Suppose 0 = -5*c - v - 0*v + 14, 5*v = -2*c + 1. Suppose 2*w + c*w = -25. What are the prime factors of g(w)?
2
Suppose -f + 203 = 4*f - 2*l, f = l + 43. Suppose -f = -0*w - 3*w. Suppose -4*y = -12, -3*y + 50 = 4*g + w. What are the prime factors of g?
7
Let j = 44 + -29. What are the prime factors of j?
3, 5
Let f be ((-10)/4)/((-1)/2). Suppose o + 2*o + 9 = -5*y, f*o = 2*y + 16. List the prime factors of (-5 - y)*(-14)/4.
7
Let d be (-184)/(-6) - 2/(-6). Let s(n) = -9*n + 8. Let a be s(-6). Suppose -2*g = 2*l - 34, -4*l + g + d = -a. What are the prime factors of l?
2, 11
Let t(w) = -13*w. Let v be t(5). List the prime factors of v/(-4) - 13/52.
2
Suppose -5*j + 90 = -3*g + 8*g, -2*j - 69 = -3*g. List the prime factors of g.
3, 7
Suppose -s + 3*n = -36, -6*n = -4*n + 2. Suppose -b + 10 + s = 0. What are the prime factors of b?
43
Let n = 9 - 6. Suppose -4*g + 12 = -4*v, -n*v - 4*g - g = -31. What are the prime factors of v?
2
Let s(h) be the first derivative of -3/2*h**2 + 1 + 3*h. What are the prime factors of s(-3)?
2, 3
Let g(u) = -8*u**3 + u**2 - 1. Let r be g(-1). Suppose 0 = r*x - 5*x - 24. List the prime factors of (9/2)/(3/x).
2, 3
Let g be 94/6 + 16/(-24). Suppose -k - 2*k + g = 0. What are the prime factors of k?
5
Let t(m) = -3*m**3 + m**2 + m. Let g be t(-1). Suppose 0 = s + 2*s + g. What are the prime factors of (s - -2)*(6 + -2)?
2
Let a(k) = -k**3 + 2. Let x be a(2). Let c(l) = -2*l + 2. List the prime factors of c(x).
2, 7
Let j = -79 - -428. List the prime factors of j.
349
Let v(q) = q**3 - 8*q**2 + 10*q - 10. List the prime factors of v(7).
11
Let v(t) = t + 14. Let x be v(-8). Let g(f) = f**3 - 5*f**2 - 1. List the prime factors of g(x).
5, 7
Let t = 14 - 9. Suppose r + 0*r + t = 0, r = 2*o - 9. What are the prime factors of o?
2
Let m(b) = -2*b**3 - 10*b**2 - 8*b - 5. What are the prime factors of m(-6)?
5, 23
Let q(g) = g**2 + 3*g - 7. Let f be q(-5). Suppose -4*u + 32 + 51 = -f*c, -c - 1 = 0. What are the prime factors of u?
2, 5
Let f(w) = -w**3 - 7*w**2 - 6*w - 16. What are the prime factors of f(-8)?
2, 3
Let n be 208/12 - 2/(-3). Suppose 0 = -z - z + n. List the prime factors of z.
3
Let n(g) = -g - 13. Let y be n(-7). Let l be 15 + 0/(y/(-2)). Let o = 21 - l. List the prime factors of o.
2, 3
Suppose 2*u = 3*u - 6. Suppose -u*n + 7*n = 42. What are the prime factors of n?
2, 3, 7
Let t be (-162)/39 + 6/39. What are the prime factors of t/(-14) + (-725)/(-35)?
3, 7
What are the prime factors of 749/7 + (-5 - -2)?
2, 13
Suppose p = o - 2*o - 5, 2*o + 6 = 0. List the prime factors of (-405)/(-21) + p/7.
19
Let h(y) = -2*y**2 + 11*y + 21. Let b(r) = r**2 - 5*r - 10. Let z(w) = 5*b(w) + 2*h(w). What are the prime factors of z(6)?
2, 5
Let r = 59 - 40. What are the prime factors of r?
19
Let i = -107 + 154. List the prime factors of i.
47
Let x = -1 + 3. Let h(n) = 0*n**3 - n**2 - x*n + n**3 - 11 + 11*n**2. What are the prime factors of h(-10)?
3
Let f(k) = 2*k**3 + 22*k**2 + 8*k + 17. What are the prime factors of f(-9)?
269
Suppose -l + 4 = -1. Suppose -3*g + z = -38, -70 = -l*g - 2*z - 3*z. List the prime factors of g.
13
Suppose 4*z - 2*m - 6 = 0, 4*z - 3*m - 18 = -5*m. Suppose -4*q - 4 = -0*v + 4*v, z*q + 11 = v. List the prime factors of v.
2
Suppose 3*j + 7 = -6*z + 2*z, 6 = -j - 5*z. Let n be 6/4*(-3 - j). List the prime factors of 9 + -4 + n/(-3).
2, 3
Suppose -6*o - 106 = -1000. What are the prime factors of o?
149
Let s be 6/4*(-8)/6. Let w be s/(-8) + (-93)/4. Let o = w + 36. What are the prime factors of o?
13
Let r be 4/14 + 38/14. Suppose r*q - 88 = -q. What are the prime factors of q?
2, 11
Suppose 3*p + 29 = -z - 1, 3*z = -5*p - 78. Let b(i) = 32*i - 1. Let a be b(1). Let j = z + a. List the prime factors of j.
2, 5
Let w(t) = -t**3 + 8*t**2 - 9*t. Let s be w(6). Let b = s - 8. List the prime factors of b.
2, 5
Let c(z) = 6*z + 10. List the prime factors of c(6).
2, 23
Let c be (-56)/(-12) + (-4)/6. Let f(y) = 6*y**2 + 5. Let z(l) = -l**2 - 1. Let p(x) = c*z(x) + f(x). What are the prime factors of p(2)?
3
Let z = -23 + 59. Let q = z + -26. What are the prime factors of q?
2, 5
Suppose -4*v + 4 = -4. Suppose w - v*c = 10, 0 = 2*w - 2*c + 16 - 44. List the prime factors of w.
2, 3
Let x be (-30)/(-9) - (-3)/(-9). Suppose 4*g + 1 + 5 = -5*b, -10 = -x*b + g. List the prime factors of b.
2
Let b be 27/6*(2 + -16). Let h = b - -108. What are the prime factors of h?
3, 5
Suppose -2*c = -4*o - 8, -2*c + 12 = c - 3*o. Suppose 3*g - c*k = 101, 2*g - 66 = -0*g + 2*k. Let u = g - 22. List the prime factors of u.
3
Let a(l) = 9*l. List the prime factors of a(4).
2, 3
Let f = 11 - 5. Suppose 4*m - 39 - 1 = 0. What are the prime factors of f/(-4)*m/(-3)?
5
Let r = 12 + -5. What are the prime factors of r?
7
Let r = -5 + 5. Suppose -2*c + g + 20 = r, -g - 16 = 3*g. Suppose -4 - c = -3*s. List the prime factors of s.
2
Let r(w) = w**3 - 5*w**2 + 6*w - 2. What are the prime factors of r(4)?
2, 3
Suppose -2*o = -6*o + 12. What are the prime factors of o?
3
Let i be (0/2)/((-2)/2). Let r be 1 - (-2 - i/(-1)). Suppose -43 = -4*w + 4*y - y, -r*w - 5*y = 4. What are the prime factors of w?
7
Let j be (6 + -2)/(-2) - -21. Suppose j = 4*a - 1. Suppose 0*s - a*s = -70. What are the prime factors of s?
2, 7
Let l(t) = t + 2*t - 4*t + t**2. Let h be l(2). Suppose -h*x = 2*x - 44. What are the prime factors of x?
11
Let j(m) = m**2 + 8*m - 2. List the prime factors of j(-10).
2, 3
Suppose -c + 12 = -0*c. List the prime factors of c.
2, 3
Let t = -4 - -7. Let z(u) = -2*u**3 + 2*u**2 - 1 + 4*u**2 + 3*u + 3*u**t. What are the prime factors of z(-5)?
3
What are the prime factors of ((-736)/80)/(1/(-5))?
2, 23
Let m(d) = d - 1